2705934?
3
What is the tens digit of 285560662?
6
What is the units digit of 736971814?
4
What is the hundred thousands digit of 476263?
4
What is the hundred thousands digit of 32738344?
7
What is the thousands digit of 46258680?
8
What is the hundreds digit of 280829434?
4
What is the tens digit of 3250811375?
7
What is the hundreds digit of 6041721637?
6
What is the billions digit of 1991260514?
1
What is the ten millions digit of 1173725056?
7
What is the hundreds digit of 125070440?
4
What is the hundred thousands digit of 5013504455?
5
What is the tens digit of 287448130?
3
What is the ten millions digit of 484088071?
8
What is the hundred thousands digit of 34876541?
8
What is the units digit of 2582650618?
8
What is the hundred millions digit of 3856529170?
8
What is the hundreds digit of 323382300?
3
What is the hundred thousands digit of 728746873?
7
What is the hundreds digit of 105090723?
7
What is the hundreds digit of 362543329?
3
What is the thousands digit of 42800881?
0
What is the millions digit of 33723671?
3
What is the units digit of 57589338?
8
What is the millions digit of 911603077?
1
What is the hundreds digit of 53336883?
8
What is the ten thousands digit of 122834649?
3
What is the millions digit of 140438783?
0
What is the units digit of 293900705?
5
What is the thousands digit of 1395182911?
2
What is the ten millions digit of 150260623?
5
What is the ten thousands digit of 46931531?
3
What is the hundred millions digit of 161709573?
1
What is the hundred thousands digit of 20368668?
3
What is the hundreds digit of 28782417?
4
What is the millions digit of 16443818?
6
What is the ten thousands digit of 48201034?
0
What is the tens digit of 7549153?
5
What is the hundred millions digit of 314839846?
3
What is the ten millions digit of 2139472929?
3
What is the hundred thousands digit of 2530568003?
5
What is the ten millions digit of 67757178?
6
What is the tens digit of 48997111?
1
What is the hundred thousands digit of 85796254?
7
What is the tens digit of 512696724?
2
What is the hundreds digit of 272693414?
4
What is the hundred thousands digit of 2115918074?
9
What is the hundred millions digit of 352269744?
3
What is the millions digit of 2430207818?
0
What is the hundreds digit of 3645700362?
3
What is the ten millions digit of 610303570?
1
What is the ten thousands digit of 35588307?
8
What is the tens digit of 1227349557?
5
What is the hundreds digit of 467572894?
8
What is the hundred thousands digit of 6124650?
1
What is the units digit of 321401241?
1
What is the tens digit of 915213676?
7
What is the hundreds digit of 89503107?
1
What is the hundred thousands digit of 10293235?
2
What is the ten thousands digit of 2283393769?
9
What is the thousands digit of 216556369?
6
What is the thousands digit of 1631349?
1
What is the ten millions digit of 87415538?
8
What is the ten millions digit of 35282876?
3
What is the millions digit of 342533474?
2
What is the hundreds digit of 661603040?
0
What is the hundreds digit of 30334195?
1
What is the ten millions digit of 85985454?
8
What is the ten millions digit of 3634185372?
3
What is the thousands digit of 43157865?
7
What is the ten millions digit of 7159781807?
5
What is the ten millions digit of 711361805?
1
What is the thousands digit of 68982993?
2
What is the millions digit of 3596497912?
6
What is the ten thousands digit of 3328839467?
3
What is the units digit of 45484044?
4
What is the ten millions digit of 49449525?
4
What is the hundred thousands digit of 4505789233?
7
What is the tens digit of 181721978?
7
What is the hundreds digit of 170252174?
1
What is the ten millions digit of 126588079?
2
What is the units digit of 18123256?
6
What is the ten millions digit of 684156100?
8
What is the units digit of 171272959?
9
What is the tens digit of 77981316?
1
What is the ten thousands digit of 13003626?
0
What is the thousands digit of 713736569?
6
What is the ten thousands digit of 1040769344?
6
What is the ten millions digit of 2235379819?
3
What is the ten millions digit of 75522523?
7
What is the ten millions digit of 2268912827?
6
What is the tens digit of 670414960?
6
What is the hundred thousands digit of 82171968?
1
What is the hundred thousands digit of 706346978?
3
What is the hundred thousands digit of 29162016?
1
What is the ten millions digit of 984040950?
8
What is the hundred thousands digit of 39763347?
7
What is the hundred millions digit of 241678983?
2
What is the units digit of 354055392?
2
What is the hundred thousands digit of 573539262?
5
What is the units digit of 131481511?
1
What is the tens digit of 489514326?
2
What is the ten millions digit of 863019842?
6
What is the hundred thousands digit of 259128274?
1
What is the hundreds digit of 595931833?
8
What is the ten thousands digit of 4012128375?
2
What is the hundreds digit of 490974338?
3
What is the hundreds digit of 41831235?
2
What is the ten thousands digit of 55712996?
1
What is the ten thousands digit of 110531599?
3
What is the hundreds digit of 138690836?
8
What is the thousands digit of 710468773?
8
What is the ten millions digit of 1165135592?
6
What is the thousands digit of 93316239?
6
What is the thousands digit of 121983972?
3
What is the hundred millions digit of 584616508?
5
What is the thousands digit of 1106299411?
9
What is the units digit of 132816431?
1
What is the thousands digit of 5791903?
1
What is the tens digit of 57169696?
9
What is the tens digit of 414969098?
9
What is the tens digit of 191087402?
0
What is the hundred thousands digit of 48455414?
4
What is the billions digit of 1312524373?
1
What is the tens digit of 1391420259?
5
What is the tens digit of 156118158?
5
What is the hundreds digit of 8654449473?
4
What is the millions digit of 103903315?
3
What is the ten millions digit of 694006822?
9
What is the hundreds digit of 31791797?
7
What is the units digit of 269208877?
7
What is the hundreds digit of 96665046?
0
What is the units digit of 146282401?
1
What is the hundreds digit of 89189930?
9
What is the thousands digit of 16862729?
2
What is the ten millions digit of 60357985?
6
What is the hundred thousands digit of 1143379085?
3
What is the tens digit of 2732828707?
0
What is the tens digit of 1762523916?
1
What is the ten millions digit of 489774603?
8
What is the ten millions digit of 1216475409?
1
What is the hundred thousands digit of 507233144?
2
What is the hundred thousands digit of 756974878?
9
What is the hundred thousands digit of 80303671?
3
What is the ten millions digit of 32356913?
3
What is the tens digit of 42159816?
1
What is the thousands digit of 217709391?
9
What is the units digit of 17684856?
6
What is the tens digit of 874656704?
0
What is the hundred thousands digit of 2059534213?
5
What is the thousands digit of 45966754?
6
What is the tens digit of 87460375?
7
What is the ten thousands digit of 189496277?
9
What is the units digit of 62483587?
7
What is the ten thousands digit of 255889530?
8
What is the hundreds digit of 909448918?
9
What is the ten millions digit of 429743198?
2
What is the millions digit of 941870787?
1
What is the billions digit of 1097600185?
1
What is the hundred thousands digit of 127711448?
7
What is the millions digit of 141447558?
1
What is the thousands digit of 2285944665?
4
What is the hundred thousands digit of 117086930?
0
What is the hundred thousands digit of 232356033?
3
What is the units digit of 982800420?
0
What is the tens digit of 2110183182?
8
What is the hundreds digit of 639699494?
4
What is the hundreds digit of 62750377?
3
What is the units digit of 227309245?
5
What is the ten millions digit of 1453339004?
5
What is the millions digit of 70169418?
0
What is the millions digit of 2685982270?
5
What is the tens digit of 5211658240?
4
What is the hundred thousands digit of 20033436?
0
What is the ten millions digit of 2616038645?
1
What is the thousands digit of 432854909?
4
What is the ten thousands digit of 1008426113?
2
What is the millions digit of 881327339?
1
What is the tens digit of 115716225?
2
What is the thousands digit of 24731239?
1
What is the tens digit of 110829477?
7
What is the billions digit of 4066310982?
4
What is the millions digit of